b18
In base 4, what is 1103020 + 101?
1103121
In base 2, what is -100101110 + 1101100101101?
1100111111111
In base 10, what is 3 + 68643?
68646
In base 3, what is -1021111100100 + -10?
-1021111100110
In base 15, what is 1e39a - 4?
1e396
In base 12, what is -13 - -226b?
2258
In base 5, what is 0 + -141322?
-141322
In base 5, what is -21 - 230332?
-230403
In base 6, what is 50 + -3302215?
-3302125
In base 11, what is -4 - -295a?
2956
In base 11, what is 5a00 + -131?
587a
In base 12, what is 224 - 291?
-69
In base 3, what is 12 + -1212002011?
-1212001222
In base 5, what is 4 + 2403343?
2403402
In base 15, what is -ac + 273?
1b6
In base 8, what is 1 + -115554?
-115553
In base 10, what is -11 - 3593?
-3604
In base 3, what is -1112012110 - -1?
-1112012102
In base 8, what is -4 - 1254571?
-1254575
In base 11, what is -10 + 7503?
74a3
In base 2, what is 1111111011101101001 + 100?
1111111011101101101
In base 16, what is -bd + -49?
-106
In base 2, what is 1000000010 + -11001100?
100110110
In base 13, what is -34 - 84c?
-883
In base 8, what is -5 - -27642?
27635
In base 7, what is 23 + 1106056?
1106112
In base 11, what is 471 + 113?
584
In base 14, what is -20507 + -2?
-20509
In base 15, what is cc1 - -14?
cd5
In base 7, what is -524460 - -51?
-524406
In base 3, what is -10012 + -100002101?
-100012120
In base 6, what is 4 - 2100210?
-2100202
In base 16, what is -3 + 21d76?
21d73
In base 13, what is -1784 - -5?
-177c
In base 7, what is 55 + -1636?
-1551
In base 12, what is 71b93 - -4?
71b97
In base 16, what is e + 290a8?
290b6
In base 7, what is -422344 + -1?
-422345
In base 6, what is 0 - 11223424?
-11223424
In base 11, what is -4 + -34?
-38
In base 14, what is -117b - -19?
-1162
In base 16, what is 7 + -938a?
-9383
In base 7, what is -1241 - -435?
-503
In base 2, what is 101 - 10010001000010?
-10010000111101
In base 5, what is -13304023 - 0?
-13304023
In base 4, what is 10221 - 320001?
-303120
In base 6, what is 21351 + 5?
21400
In base 4, what is 2012100003 - 10?
2012033333
In base 8, what is 203 - -473?
676
In base 8, what is -21120 + -103?
-21223
In base 11, what is -3 - -7528a?
75287
In base 14, what is c2967 - 2?
c2965
In base 11, what is 1990 + -142?
1849
In base 3, what is 102111222 + -20?
102111202
In base 5, what is 220240 - -231?
221021
In base 14, what is 5c41d - b?
5c412
In base 12, what is -40 + -14016?
-14056
In base 3, what is -10210220200000 + -2?
-10210220200002
In base 7, what is 2 - 11056251?
-11056246
In base 7, what is 2226 + 63?
2322
In base 5, what is -122333 + 121?
-122212
In base 6, what is -1243 + -24?
-1311
In base 14, what is -17d + 1c?
-161
In base 13, what is -806b + 6?
-8065
In base 14, what is -5c + 80b1?
8053
In base 10, what is -54441 + 3?
-54438
In base 15, what is 1e80 + 1?
1e81
In base 8, what is -6166 - 1435?
-7623
In base 12, what is -50195 + 0?
-50195
In base 6, what is -1110300 + 3?
-1110253
In base 9, what is -66 + -72450?
-72526
In base 9, what is -3502 - 5?
-3507
In base 14, what is -3 - c7790?
-c7793
In base 16, what is -148 - -b7?
-91
In base 5, what is 20 + -1033211?
-1033141
In base 15, what is b3 + 45?
108
In base 4, what is 11 - 11002311330?
-11002311313
In base 15, what is -9a - 27b3?
-285d
In base 13, what is -9 + 50b0?
50a4
In base 16, what is -28ad4 + 4?
-28ad0
In base 5, what is -14323001 + 34?
-14322412
In base 12, what is 3 - 380139?
-380136
In base 11, what is 5 - -86338?
86342
In base 7, what is -13 + 212333?
212320
In base 7, what is 21522 - -3?
21525
In base 5, what is 3 - 20231321?
-20231313
In base 5, what is -133230423 - -2?
-133230421
In base 13, what is -448765 + -5?
-44876a
In base 16, what is -5 + -e4aef?
-e4af4
In base 6, what is 133414544 + -1?
133414543
In base 8, what is -51 + 37032?
36761
In base 2, what is -111001000111 + 10000?
-111000110111
In base 6, what is 1112021 + 103?
1112124
In base 6, what is -3 - -200103?
200100
In base 14, what is 41 + -3478?
-3437
In base 16, what is -a75 + -20c?
-c81
In base 4, what is 23231303 - 2121?
23223122
In base 16, what is -6828 + -3?
-682b
In base 9, what is -401 - 481?
-882
In base 5, what is 2120 - 11101?
-3431
In base 12, what is -33a4 + 0?
-33a4
In base 3, what is -10112100211 - 11?
-10112100222
In base 11, what is -11439 + 41?
-113a8
In base 4, what is 2 - 10023200?
-10023132
In base 9, what is -4000 + 314?
-3575
In base 5, what is 0 - -4203304?
4203304
In base 10, what is 5605 + -6?
5599
In base 10, what is 592 - -19?
611
In base 14, what is -54a617 - 2?
-54a619
In base 9, what is -41201 - -142?
-41048
In base 15, what is 25e52 + -4?
25e4d
In base 8, what is 124 - 507?
-363
In base 3, what is -1202122 - 11211?
-1221110
In base 10, what is 71131 + -2?
71129
In base 3, what is 2020121 - -1011220?
10102111
In base 16, what is 40007 - 2?
40005
In base 5, what is -4 - 120120114?
-120120123
In base 6, what is -345 + -245512?
-250301
In base 7, what is 24650 - 10?
24640
In base 6, what is -2 - -50254?
50252
In base 11, what is -43a - 41?
-480
In base 2, what is 1001011 - -100010011000?
100011100011
In base 13, what is 1 - 4949?
-4948
In base 7, what is -60 - -5140?
5050
In base 8, what is 2400 - 27?
2351
In base 10, what is -10 + -3772?
-3782
In base 7, what is 1150426 - -5?
1150434
In base 15, what is -59 + -969?
-9c3
In base 4, what is -33213100323 + 1?
-33213100322
In base 7, what is -256 - 22015?
-22304
In base 7, what is 3546254 - 0?
3546254
In base 15, what is -72 - -135?
b3
In base 3, what is -12 + 202112210122?
202112210110
In base 5, what is -11 - 113442321?
-113442332
In base 14, what is 74529 + 5?
74530
In base 5, what is -14320111 + -2?
-14320113
In base 14, what is -20 + -139d?
-13bd
In base 2, what is -11010111 + -110000010?
-1001011001
In base 16, what is -1 - 2a37?
-2a38
In base 15, what is -249 - -3a?
-20e
In base 9, what is -5 + -6438?
-6444
In base 2, what is 1110111010111110100 - 101?
1110111010111101111
In base 3, what is -1201 - -121120?
112212
In base 6, what is -111 + -13430?
-13541
In base 10, what is -3 + -84354?
-84357
In base 7, what is 60 + -2331?
-2241
In base 10, what is -1116673 + -5?
-1116678
In base 2, what is -1001001010010 + -1110100?
-1001011000110
In base 4, what is 211103 + -2?
211101
In base 15, what is 1 - 122e8?
-122e7
In base 7, what is 2010 - -103?
2113
In base 7, what is 1630 + -103?
1524
In base 15, what is 217 + 1d5?
3ec
In base 6, what is -20240 - -2321?
-13515
In base 7, what is -631116 - 1?
-631120
In base 4, what is -100121 - 3200?
-103321
In base 2, what is -11110101000000 + -11101?
-11110101011101
In base 8, what is 5 - -1235?
1242
In base 5, what is 1022441 - -4?
1023000
In base 11, what is 114 - 5090?
-4a77
In base 5, what is 11 + -12044441?
-12044430
In base 5, what is -13 + -44121?
-44134
In base 6, what is -402143 - -4?
-402135
In base 3, what is 11 + -12000010111?
-12000010100
In base 6, what is -2213401 + 1?
-2213400
In base 2, what is 11 - 101000111000111001?
-101000111000110110
In base 16, what is -160 - -43a?
2da
In base 14, what is -68 + 279c?
2734
In base 12, what is -5 + -47b79?
-47b82
In base 4, what is 1032102 + -11200?
1020302
In base 3, what is -21 - 1000201111?
-1000201202
In base 4, what is -213311 - -100101?
-113210
In base 14, what is 8 - 25630?
-25626
In base 4, what is -13021313 + 2?
-13021311
In base 3, what is -1001202212 + 0?
-1001202212
In base 4, what is 23 - -22330102?
22330131
In base 7, what is 4 + -52046?
-52042
In base 11, what is 24 + 1901?
1925
In base 13, what is 39c6 - 8?
39bb
In base 14, what is -d66 - -1a9?
-b9b
In base 11, what is -2 - 3035a5?
-3035a7
In base 12, what is -6 - 449b?
-44a5
In base 11, what is -aa05 - 5?
-aa0a
In base 13, what is -5 + 157?
152
In base 9, what is -602 - -1337?
635
In base 6, what is -23202 - -14?
-23144
In base 8, what is -3 - -172746?
172743
In base 6, what is 23220 + -521?
22255
In base 4, what is -301131100 + -21?
-301131121
In base 12, what is 164 + -173?
-b
In base 11, what is 929 - 1a?
90a
In base 15, what is 253 - -ea?
34d
In base 9, what is 47 + 5216?
5264
In base 3, what is -2122221112 - 2000?
-2200000112
In base 11, what is 4 + 8159?
8162
In base 3, what is -1111 + 10220220202?
10220212021
In base 5, what is -1 - 2222012?
-2222013
In base 6, what is -5 + -52204532?
-52204541
In base 12, what is 2 + -12366?
